45
In base 9, what is -5 + -2107806?
-2107812
In base 16, what is -1a2ba + -3?
-1a2bd
In base 9, what is -64 - -148732?
148657
In base 13, what is -a + -6653b?
-66548
In base 8, what is 215 + -10133?
-7716
In base 3, what is -2 - -20000201?
20000122
In base 14, what is -4 + 3139?
3135
In base 16, what is 311b04 + 1?
311b05
In base 16, what is 99c - 5f6?
3a6
In base 2, what is -1111100010010 + -100111?
-1111100111001
In base 10, what is -2 - -371500?
371498
In base 12, what is 191 + -1b?
172
In base 2, what is 1110001 - 1000011?
101110
In base 8, what is -21732442 + 1?
-21732441
In base 4, what is -2 + 110013022?
110013020
In base 2, what is -10110110100111 + -10110?
-10110110111101
In base 7, what is -150602 - 2?
-150604
In base 2, what is 100 - 11100000110011110?
-11100000110011010
In base 14, what is 1378ba - 4?
1378b6
In base 15, what is -1737 - -2?
-1735
In base 7, what is 22506264 - 3?
22506261
In base 16, what is 3 + -35c9?
-35c6
In base 3, what is 200221100100122 - -10?
200221100100202
In base 13, what is 14953 - b?
14945
In base 7, what is -3141 + 60?
-3051
In base 12, what is 8242 - -1?
8243
In base 4, what is -13312222 - -1023?
-13311133
In base 11, what is 2307 - -1?
2308
In base 9, what is 1466116 - 1?
1466115
In base 8, what is 617 - -1547?
2366
In base 3, what is 221 - 2002100?
-2001102
In base 16, what is -3 + -d4f2?
-d4f5
In base 16, what is -2 - d49b?
-d49d
In base 8, what is -474173 - -5?
-474166
In base 12, what is -173a + -7?
-1745
In base 16, what is 3f - -54f?
58e
In base 11, what is 113a74 + 4?
113a78
In base 5, what is -123444002 - -1?
-123444001
In base 4, what is -1200102 - -32330?
-1101112
In base 15, what is -1b5 + -50c?
-6c2
In base 8, what is -23223 - 123?
-23346
In base 16, what is -5 + -2ec54?
-2ec59
In base 7, what is 1 - 142162?
-142161
In base 10, what is 22 - -1104?
1126
In base 5, what is -32441 - 130?
-33121
In base 7, what is -1256 - 1601?
-3160
In base 14, what is -8c8 - 42?
-92a
In base 3, what is -202102020 + 20?
-202102000
In base 3, what is -10 + 12102010?
12102000
In base 8, what is -240 + 170?
-50
In base 11, what is 84 - -201?
285
In base 14, what is 3 + 5735?
5738
In base 13, what is -4 + -4386?
-438a
In base 2, what is 101111111111010 - 1?
101111111111001
In base 13, what is 4c8 - -3?
4cb
In base 3, what is 122120222 + 11?
122121010
In base 10, what is -3194 + 8?
-3186
In base 2, what is -10000110001111010010 - 110?
-10000110001111011000
In base 16, what is -2 + 37d8b?
37d89
In base 2, what is 10000 - -1100100110000101?
1100100110010101
In base 15, what is 1da + 0?
1da
In base 4, what is 10 + 202031320?
202031330
In base 4, what is 11200 - 1132?
10002
In base 16, what is 2035 + 3?
2038
In base 3, what is -10120112110 - -20?
-10120112020
In base 10, what is 4062 + 13?
4075
In base 3, what is -101010112 - 10001?
-101020120
In base 11, what is 3 - 39a8?
-39a5
In base 12, what is 1 + 4748?
4749
In base 5, what is 1 - 3244020?
-3244014
In base 12, what is -21 + -2a6a?
-2a8b
In base 11, what is 50039 - -5?
50043
In base 13, what is 4 + 219c0b?
219c12
In base 12, what is 1aa69 + 27?
1aa94
In base 14, what is -2 - -b11a?
b118
In base 5, what is -204444 + -200?
-210144
In base 16, what is 4a93 + -5?
4a8e
In base 4, what is -2120 + 322210?
320030
In base 14, what is -4dbc0 - 4?
-4dbc4
In base 5, what is 1004214 - 4?
1004210
In base 3, what is 12 + 11020100010?
11020100022
In base 9, what is 22 + -123?
-101
In base 7, what is 2 - 1331541?
-1331536
In base 13, what is 1 - -28973?
28974
In base 4, what is 200 - 2300?
-2100
In base 9, what is -7 - 722?
-730
In base 16, what is 22f81 + 2?
22f83
In base 7, what is 5 + 20035?
20043
In base 6, what is 5 - -154422?
154431
In base 3, what is -11 + -100111?
-100122
In base 15, what is -170e - 9?
-1718
In base 9, what is -37 - 4173?
-4221
In base 7, what is -53506 + -306?
-54115
In base 15, what is 7e + 13c?
1bb
In base 9, what is 103 + 1045?
1148
In base 8, what is 56 - -131534?
131612
In base 13, what is -13 - -9c68?
9c55
In base 8, what is -11311 + 61?
-11230
In base 13, what is -a - aa5?
-ab2
In base 2, what is 1011 - -10111100001110?
10111100011001
In base 6, what is -104102 - -5?
-104053
In base 11, what is -353 + -13a7?
-174a
In base 4, what is -10220111 + 1?
-10220110
In base 11, what is 5a - 620?
-571
In base 5, what is 14100 + -40?
14010
In base 9, what is 10 - -43602?
43612
In base 5, what is -142222432 - -4?
-142222423
In base 6, what is -30 + -12524?
-12554
In base 11, what is -239 - -2a1?
63
In base 12, what is a8 + a4?
190
In base 14, what is -1 - -4362?
4361
In base 3, what is -11 + 11021112?
11021101
In base 5, what is 20 + -24343?
-24323
In base 16, what is 3a - 245?
-20b
In base 4, what is 3 - 122312200?
-122312131
In base 7, what is -1 + -45304?
-45305
In base 2, what is -101010010110011011 - 1010?
-101010010110100101
In base 3, what is 10 + -2000022122?
-2000022112
In base 10, what is 117 - 193?
-76
In base 12, what is -4 + 30a5?
30a1
In base 13, what is -b26 + 417?
-70c
In base 12, what is 186 - 1a48?
-1882
In base 5, what is -3 - -22402222?
22402214
In base 4, what is -120322201 + -11?
-120322212
In base 7, what is -5202432 + -3?
-5202435
In base 4, what is -3 - -32013020?
32013011
In base 13, what is -11 + -259?
-26a
In base 2, what is 11001100001 - 10?
11001011111
In base 12, what is -2170 - 49b?
-264b
In base 16, what is 27 + a53?
a7a
In base 6, what is -20000 - -42?
-15514
In base 11, what is -5 - -6a8a6?
6a8a1
In base 11, what is 2869 - -7?
2875
In base 2, what is -1101101100 + 1111?
-1101011101
In base 10, what is -938 + 249?
-689
In base 12, what is -160a5 - 2b?
-16114
In base 12, what is -1b9a7 + 7?
-1b9a0
In base 2, what is 10101000001 - -1000100?
10110000101
In base 13, what is -5 + 14a76?
14a71
In base 16, what is -77 - -756?
6df
In base 15, what is -3 - -195b?
1958
In base 4, what is 1303030 + 0?
1303030
In base 11, what is 55600 + 0?
55600
In base 9, what is 1405 - 66?
1328
In base 9, what is 1034838 + -3?
1034835
In base 4, what is 32303011 - 232?
32302113
In base 3, what is 10 - 1121221020211?
-1121221020201
In base 8, what is -23 - -7724?
7701
In base 2, what is 11 - 1000011010100010001?
-1000011010100001110
In base 8, what is -603 - 47?
-652
In base 14, what is 64337 - 9?
6432c
In base 3, what is 0 + 1000010021?
1000010021
In base 6, what is -25 + -34030?
-34055
In base 11, what is 26 - -1a61?
1a87
In base 7, what is 31021464 + 0?
31021464
In base 4, what is 1023012 + 2?
1023020
In base 5, what is -32 - -1422212?
1422130
In base 6, what is -205035 - -303?
-204332
In base 2, what is 11111100 - 1110010000001?
-1101110000101
In base 10, what is 2 + 31462?
31464
In base 12, what is 3601 + a4?
36a5
In base 13, what is -16 + -1746?
-175c
In base 3, what is -10012110000212 + 2?
-10012110000210
In base 15, what is -11b29 - c?
-11b36
In base 4, what is 10 - -231210330?
231211000
In base 9, what is -70360 + -36?
-70406
In base 16, what is 7317 - 6?
7311
In base 11, what is -9 - -1603?
15a5
In base 8, what is -12441 - 130?
-12571
In base 15, what is -19b + -1a?
-1b6
In base 2, what is -101001011110 + 100010110?
-100101001000
In base 16, what is -11 - -1a5?
194
In base 14, what is 327 - -134?
45b
In base 15, what is 5 - -258?
25d
In base 7, what is 314 - -12322?
12636
In base 13, what is 384a - -3?
3850
In base 16, what is 735 + -44?
6f1
In base 5, what is 1 + 1320341?
1320342
In base 16, what is 35bf - -8?
35c7
In base 12, what is 8211 - 47?
8186
In base 9, what is -412655 + -5?
-412661
In base 11, what is 4 - 35234?
-35230
In base 2, what is -10 + -101110000001?
-101110000011
In base 4, what is 100 - -302120332?
302121032
In base 5, what is 40404 + -301?
40103
In base 3, what is -120222111 + -10?
-120222121
In base 9, what is -581342 + 0?
-581342
In base 3, what is -11 + -2111121022?
-2111121110
In base 7, what is -263601 - 5?
-263606
In base 12, what is 1 - 2ab8b?
-2ab8a
In base 8, what is 217 - 1252?
-1033
In base 3, what is -101001 + 101022?
21
In base 2, what is 100 + 11110110000010?
11110110000110
In base 3, what is -121221021 - 110?
-121221201
In base 6, what is 10 + 133203?
133213
In base 6, what is 5 + 302443?
302452
In base 11, what is -2 - 73778?
-7377a
In base 7, what is -24332 + -33?
-24365
In base 2, what is 110110 - 10